{"id":1511,"date":"2022-06-09T03:52:33","date_gmt":"2022-06-09T03:52:33","guid":{"rendered":"http:\/\/source.wpopal.com\/kitchor\/?page_id=1511"},"modified":"2026-04-30T15:50:25","modified_gmt":"2026-04-30T18:50:25","slug":"em-construcao","status":"publish","type":"page","link":"https:\/\/claudiaexclusive.com.br\/site\/em-construcao\/","title":{"rendered":"Obras em andamento"},"content":{"rendered":"\t\t<div data-elementor-type=\"wp-page\" data-elementor-id=\"1511\" class=\"elementor elementor-1511\">\n\t\t\t\t<div class=\"elementor-element elementor-element-677fcb8 e-flex e-con-boxed e-con e-parent\" data-id=\"677fcb8\" data-element_type=\"container\">\n\t\t\t\t\t<div class=\"e-con-inner\">\n\t\t<div class=\"elementor-element elementor-element-4b25d49 e-grid e-con-full e-con e-child\" data-id=\"4b25d49\" data-element_type=\"container\">\n\t\t<div class=\"elementor-element elementor-element-f5d12b7 e-con-full e-flex e-con e-child\" data-id=\"f5d12b7\" data-element_type=\"container\">\n\t\t\t\t<div class=\"elementor-element elementor-element-46549d6 image-style-kitchor-yes elementor-widget elementor-widget-image\" data-id=\"46549d6\" data-element_type=\"widget\" data-widget_type=\"image.default\">\n\t\t\t\t<div class=\"elementor-widget-container\">\n\t\t\t\t\t\t\t\t\t\t\t\t\t\t\t\t<a href=\"https:\/\/claudiaexclusive.com.br\/site\/project\/atrio\/\">\n\t\t\t\t\t\t\t<img decoding=\"async\" src=\"https:\/\/claudiaexclusive.com.br\/site\/wp-content\/uploads\/elementor\/thumbs\/ATRIO_FACHADA-r2h6ot0qx422uxnaqemsdn0oot4pcars1w9l7xrv34.jpg\" title=\"ATRIO_FACHADA\" alt=\"ATRIO_FACHADA\" loading=\"lazy\" \/>\t\t\t\t\t\t\t\t<\/a>\n\t\t\t\t\t\t\t\t\t\t\t\t\t\t\t<\/div>\n\t\t\t\t<\/div>\n\t\t\t\t<div class=\"elementor-element elementor-element-a546ff9 elementor-widget elementor-widget-heading\" data-id=\"a546ff9\" data-element_type=\"widget\" data-widget_type=\"heading.default\">\n\t\t\t\t<div class=\"elementor-widget-container\">\n\t\t\t\t\t<h2 class=\"elementor-heading-title elementor-size-default\">Residencial Atrio<\/h2>\t\t\t\t<\/div>\n\t\t\t\t<\/div>\n\t\t\t\t<div class=\"elementor-element elementor-element-bc5bd3a elementor-widget elementor-widget-text-editor\" data-id=\"bc5bd3a\" data-element_type=\"widget\" data-widget_type=\"text-editor.default\">\n\t\t\t\t<div class=\"elementor-widget-container\">\n\t\t\t\t\t\t\t\t\t3 e 4 su\u00edtes com 2 a 3 vagas de garagem e de 130 a 160m2 privativos\t\t\t\t\t\t\t\t<\/div>\n\t\t\t\t<\/div>\n\t\t\t\t<div class=\"elementor-element elementor-element-9479d30 elementor-widget elementor-widget-button\" data-id=\"9479d30\" data-element_type=\"widget\" data-widget_type=\"button.default\">\n\t\t\t\t<div class=\"elementor-widget-container\">\n\t\t\t\t\t\t\t\t\t<div class=\"elementor-button-wrapper\">\n\t\t\t\t\t<a class=\"elementor-button elementor-button-link elementor-size-sm\" href=\"https:\/\/claudiaexclusive.com.br\/site\/project\/atrio\/\">\n\t\t\t\t\t\t<span class=\"elementor-button-content-wrapper\">\n\t\t\t\t\t\t\t\t\t<span class=\"elementor-button-text\">Mais detalhes<\/span>\n\t\t\t\t\t<\/span>\n\t\t\t\t\t<\/a>\n\t\t\t\t<\/div>\n\t\t\t\t\t\t\t\t<\/div>\n\t\t\t\t<\/div>\n\t\t\t\t<\/div>\n\t\t<div class=\"elementor-element elementor-element-8be5835 e-con-full e-flex e-con e-child\" data-id=\"8be5835\" data-element_type=\"container\">\n\t\t\t\t<div class=\"elementor-element elementor-element-da4c051 image-style-kitchor-yes elementor-widget elementor-widget-image\" data-id=\"da4c051\" data-element_type=\"widget\" data-widget_type=\"image.default\">\n\t\t\t\t<div class=\"elementor-widget-container\">\n\t\t\t\t\t\t\t\t\t\t\t\t\t\t\t\t<a href=\"https:\/\/claudiaexclusive.com.br\/site\/project\/residencial-exclusive-275\/\">\n\t\t\t\t\t\t\t<img decoding=\"async\" src=\"https:\/\/claudiaexclusive.com.br\/site\/wp-content\/uploads\/elementor\/thumbs\/FACHADA-275-r2h6bkgko3xpcmvj16mxrh9zigdlxr7v8diewnegps.jpg\" title=\"FACHADA-275\" alt=\"FACHADA-275\" loading=\"lazy\" \/>\t\t\t\t\t\t\t\t<\/a>\n\t\t\t\t\t\t\t\t\t\t\t\t\t\t\t<\/div>\n\t\t\t\t<\/div>\n\t\t\t\t<div class=\"elementor-element elementor-element-6c9b7a4 elementor-widget elementor-widget-heading\" data-id=\"6c9b7a4\" data-element_type=\"widget\" data-widget_type=\"heading.default\">\n\t\t\t\t<div class=\"elementor-widget-container\">\n\t\t\t\t\t<h2 class=\"elementor-heading-title elementor-size-default\">Residencial Exclusive 275<\/h2>\t\t\t\t<\/div>\n\t\t\t\t<\/div>\n\t\t\t\t<div class=\"elementor-element elementor-element-ae16de5 elementor-widget elementor-widget-text-editor\" data-id=\"ae16de5\" data-element_type=\"widget\" data-widget_type=\"text-editor.default\">\n\t\t\t\t<div class=\"elementor-widget-container\">\n\t\t\t\t\t\t\t\t\t4 a 5 su\u00edtes com 3 ou 5 vagas de garagem e 200m2 de \u00e1rea privativa\t\t\t\t\t\t\t\t<\/div>\n\t\t\t\t<\/div>\n\t\t\t\t<div class=\"elementor-element elementor-element-83cf5d8 elementor-widget elementor-widget-button\" data-id=\"83cf5d8\" data-element_type=\"widget\" data-widget_type=\"button.default\">\n\t\t\t\t<div class=\"elementor-widget-container\">\n\t\t\t\t\t\t\t\t\t<div class=\"elementor-button-wrapper\">\n\t\t\t\t\t<a class=\"elementor-button elementor-button-link elementor-size-sm\" href=\"https:\/\/claudiaexclusive.com.br\/site\/project\/residencial-exclusive-275\/\">\n\t\t\t\t\t\t<span class=\"elementor-button-content-wrapper\">\n\t\t\t\t\t\t\t\t\t<span class=\"elementor-button-text\">Mais detalhes<\/span>\n\t\t\t\t\t<\/span>\n\t\t\t\t\t<\/a>\n\t\t\t\t<\/div>\n\t\t\t\t\t\t\t\t<\/div>\n\t\t\t\t<\/div>\n\t\t\t\t<\/div>\n\t\t<div class=\"elementor-element elementor-element-46fdaf7 e-con-full e-flex e-con e-child\" data-id=\"46fdaf7\" data-element_type=\"container\">\n\t\t\t\t<div class=\"elementor-element elementor-element-9e33e50 image-style-kitchor-yes elementor-widget elementor-widget-image\" data-id=\"9e33e50\" data-element_type=\"widget\" data-widget_type=\"image.default\">\n\t\t\t\t<div class=\"elementor-widget-container\">\n\t\t\t\t\t\t\t\t\t\t\t\t\t\t\t\t<a href=\"https:\/\/claudiaexclusive.com.br\/site\/project\/house\/\">\n\t\t\t\t\t\t\t<img decoding=\"async\" src=\"https:\/\/claudiaexclusive.com.br\/site\/wp-content\/uploads\/elementor\/thumbs\/Fachada-house-r2nrny3fn6jodxosv1enpu32zk80ogt5n4g7j4kduo.jpg\" title=\"Fachada-house\" alt=\"Fachada-house\" loading=\"lazy\" \/>\t\t\t\t\t\t\t\t<\/a>\n\t\t\t\t\t\t\t\t\t\t\t\t\t\t\t<\/div>\n\t\t\t\t<\/div>\n\t\t\t\t<div class=\"elementor-element elementor-element-2a06dfd elementor-widget elementor-widget-heading\" data-id=\"2a06dfd\" data-element_type=\"widget\" data-widget_type=\"heading.default\">\n\t\t\t\t<div class=\"elementor-widget-container\">\n\t\t\t\t\t<h2 class=\"elementor-heading-title elementor-size-default\">Residencial Hause<\/h2>\t\t\t\t<\/div>\n\t\t\t\t<\/div>\n\t\t\t\t<div class=\"elementor-element elementor-element-aa1578b elementor-widget elementor-widget-text-editor\" data-id=\"aa1578b\" data-element_type=\"widget\" data-widget_type=\"text-editor.default\">\n\t\t\t\t<div class=\"elementor-widget-container\">\n\t\t\t\t\t\t\t\t\t<p>2 a 3 dormit\u00f3rios com 1 vaga de garagem e 70m2 de \u00e1rea privativa<\/p>\t\t\t\t\t\t\t\t<\/div>\n\t\t\t\t<\/div>\n\t\t\t\t<div class=\"elementor-element elementor-element-a06fb4b elementor-widget elementor-widget-button\" data-id=\"a06fb4b\" data-element_type=\"widget\" data-widget_type=\"button.default\">\n\t\t\t\t<div class=\"elementor-widget-container\">\n\t\t\t\t\t\t\t\t\t<div class=\"elementor-button-wrapper\">\n\t\t\t\t\t<a class=\"elementor-button elementor-button-link elementor-size-sm\" href=\"https:\/\/claudiaexclusive.com.br\/site\/project\/house\/\">\n\t\t\t\t\t\t<span class=\"elementor-button-content-wrapper\">\n\t\t\t\t\t\t\t\t\t<span class=\"elementor-button-text\">Mais detalhes<\/span>\n\t\t\t\t\t<\/span>\n\t\t\t\t\t<\/a>\n\t\t\t\t<\/div>\n\t\t\t\t\t\t\t\t<\/div>\n\t\t\t\t<\/div>\n\t\t\t\t<\/div>\n\t\t\t\t<\/div>\n\t\t\t\t\t<\/div>\n\t\t\t\t<\/div>\n\t\t<div class=\"elementor-element elementor-element-294c020 e-con-full e-flex e-con e-parent\" data-id=\"294c020\" data-element_type=\"container\" data-settings=\"{&quot;background_background&quot;:&quot;classic&quot;}\">\n\t\t<div class=\"elementor-element elementor-element-8349986 e-flex e-con-boxed e-con e-child\" data-id=\"8349986\" data-element_type=\"container\">\n\t\t\t\t\t<div class=\"e-con-inner\">\n\t\t\t\t<div class=\"elementor-element elementor-element-10ef8b7 elementor-widget elementor-widget-nested-carousel\" data-id=\"10ef8b7\" data-element_type=\"widget\" data-widget_type=\"nested-carousel.default\">\n\t\t\t\t<div class=\"elementor-widget-container\">\n\t\t\t\t\t \t\t\t\t<\/div>\n\t\t\t\t<\/div>\n\t\t\t\t\t<\/div>\n\t\t\t\t<\/div>\n\t\t\t\t<\/div>\n\t\t\t\t<\/div>\n\t\t","protected":false},"excerpt":{"rendered":"<p>Residencial Atrio 3 e 4 su\u00edtes com 2 a 3 vagas de garagem e de 130 a 160m2 privativos Mais detalhes Residencial Exclusive 275 4 a 5 su\u00edtes com 3 ou 5 vagas de garagem e 200m2 de \u00e1rea privativa Mais detalhes Residencial Hause 2 a 3 dormit\u00f3rios com 1 vaga de garagem e 70m2 [&hellip;]<\/p>\n","protected":false},"author":1,"featured_media":0,"parent":0,"menu_order":0,"comment_status":"closed","ping_status":"closed","template":"","meta":{"inline_featured_image":false,"footnotes":""},"class_list":["post-1511","page","type-page","status-publish","hentry"],"_links":{"self":[{"href":"https:\/\/claudiaexclusive.com.br\/site\/wp-json\/wp\/v2\/pages\/1511","targetHints":{"allow":["GET"]}}],"collection":[{"href":"https:\/\/claudiaexclusive.com.br\/site\/wp-json\/wp\/v2\/pages"}],"about":[{"href":"https:\/\/claudiaexclusive.com.br\/site\/wp-json\/wp\/v2\/types\/page"}],"author":[{"embeddable":true,"href":"https:\/\/claudiaexclusive.com.br\/site\/wp-json\/wp\/v2\/users\/1"}],"replies":[{"embeddable":true,"href":"https:\/\/claudiaexclusive.com.br\/site\/wp-json\/wp\/v2\/comments?post=1511"}],"version-history":[{"count":19,"href":"https:\/\/claudiaexclusive.com.br\/site\/wp-json\/wp\/v2\/pages\/1511\/revisions"}],"predecessor-version":[{"id":16416,"href":"https:\/\/claudiaexclusive.com.br\/site\/wp-json\/wp\/v2\/pages\/1511\/revisions\/16416"}],"wp:attachment":[{"href":"https:\/\/claudiaexclusive.com.br\/site\/wp-json\/wp\/v2\/media?parent=1511"}],"curies":[{"name":"wp","href":"https:\/\/api.w.org\/{rel}","templated":true}]}}